- 2 = -8, v - 5*h = 31. What is the remainder when v is divided by 4?
3
Let n be (-700)/49 - (-4)/14. Let y(i) = -i**2 - 17*i - 19. Calculate the remainder when 44 is divided by y(n).
21
Let o be ((-24)/10)/(8/40). Let b be 2 + 4/(o/9). What is the remainder when (18/(-7))/(b/7) is divided by 10?
8
Let a be (-3 - 3/(-1))/(-2). Suppose a - 3 = -s. Calculate the remainder when 0/((-2)/2) + 5 is divided by s.
2
Suppose 5*a = 2*f + 41 + 48, -80 = -5*a + 5*f. Let m = 9 - 3. Suppose y = -i + m, 0 = -4*i + y + 27 + 2. What is the remainder when a is divided by i?
5
Calculate the remainder when 67/(25/(-15) - -2) is divided by 17.
14
Let p(r) = r**2 - 2. Let v(c) = c. Let n be v(3). Suppose 0 = 4*j - i - 44, -31 + 11 = -2*j + i. What is the remainder when j is divided by p(n)?
5
Let a = 1 + -4. What is the remainder when 45 is divided by (4/3)/(a/(-27))?
9
Let u(c) = 14*c**2 + c - 1. Let p be u(1). Let s = -10 + p. Suppose -v + s = 2. What is the remainder when v is divided by 2?
0
Let b be -3 + (-71 - 0/(-2)). What is the remainder when -1 - (b + (3 - 6)) is divided by 26?
24
Let r be (26/(-4))/((-2)/4). Suppose -5*y + 35 = 5*v, 3*v + y = -0*v + r. What is the remainder when v is divided by 2?
1
Let g(x) = -x**3 - 14*x**2 - 13*x + 5. Suppose 0 = 3*h - 3*q - 48, 5*h + 2*q - 53 = -2*q. Calculate the remainder when h is divided by g(-13).
3
What is the remainder when 89 is divided by 0 + 26*(-1)/(-2)?
11
Suppose 38 = 3*q + 4*a, -5*q - 3*a = -3*q - 27. What is the remainder when q is divided by 2?
0
Let x = 10 - -37. Let a = x + -33. What is the remainder when 40 is divided by a?
12
Let p be 2*10/8*2. Suppose -6*h = -h - 115. What is the remainder when h is divided by 2/5 - (-38)/p?
7
Let m(j) = -j**2 + 9*j + 18. Calculate the remainder when 46 is divided by m(10).
6
Let z be (-4)/8 - 31/(-2). Let v be (-2)/(-3) - (-515)/z. Suppose 0*y = -y + v. Calculate the remainder when y is divided by 12.
11
What is the remainder when 58 is divided by 1/2*0 + 20?
18
Let b(v) = 2*v - 5. Let h(x) = x**2 + 6*x - 5. Calculate the remainder when b(6) is divided by h(-7).
1
Calculate the remainder when 15/(0 - 6/(-8)) is divided by (12/(-7))/(4/(-28)).
8
Suppose 0 = 29*x - 33*x + 44. What is the remainder when 41 is divided by x?
8
Suppose 2*m + 3*m = -2*g + 43, 0 = -2*m - 5*g + 34. Suppose -5 = 5*w - 20. Calculate the remainder when m is divided by (w - 0)*(-8)/(-6).
3
Suppose v - 3 = 6. What is the remainder when 21 is divided by v?
3
Let q = 42 + -19. Suppose 2*t - q = 17. What is the remainder when 39 is divided by t?
19
Let w = 8 + -6. Let o(q) = 4*q**2 - 1. What is the remainder when o(-1) is divided by w?
1
Let s = -13 + 18. Suppose -k = -6*k - 3*r + 328, 0 = s*k - 5*r - 360. Suppose -5*d + k - 8 = 0. What is the remainder when d is divided by 7?
5
Let n(m) = 2*m - 9. Let w(k) = -k - 1. Let z(f) = -n(f) - 3*w(f). What is the remainder when 12 is divided by z(-5)?
5
Let x(d) = 7*d - 51. What is the remainder when 11 is divided by x(8)?
1
Let b = -23 + 33. Calculate the remainder when b is divided by 4.
2
Let c(b) = -b - 3 - b - b - b**3. Calculate the remainder when c(-2) is divided by 6.
5
Let u(p) = -p**3 + 6*p**2 + 8*p + 7. Let j(n) = -n**3 + 7. Let y be j(0). What is the remainder when u(y) is divided by 2/(6/(-10) + 1)?
4
Suppose -4*o + 12 = 5*h, 0 = 4*h + 3*o - 0 - 10. Suppose 5 = -5*m, 2*m - 1 + 23 = 2*q. Calculate the remainder when 56/5 - 2/q is divided by h.
3
Let s(x) = 5*x + 2. Let n = 168 + -105. Let a = n + -31. Calculate the remainder when a is divided by s(3).
15
Let p = -9 + 14. Suppose 244 = -r + p*r. Calculate the remainder when r is divided by 21.
19
Let h = -50 + 82. Calculate the remainder when h is divided by 5.
2
Let h = -6 - -5. What is the remainder when 3/(h*1/(-2)) is divided by 3?
0
Let k be (21/(-4))/((-3)/(-8)). Let c = 31 + k. Suppose 3*a - 24 = -a. What is the remainder when c is divided by a?
5
Let t = 6 + -2. Suppose -6*r - u = -2*r - 67, -t*r + 69 = -u. What is the remainder when 49 is divided by r?
15
Suppose 0 = 5*p - 205 + 50. Suppose -x + p = 6. What is the remainder when x is divided by (1/(-2))/((-18)/252)?
4
Suppose -3*t = t - 28. Suppose -f + 34 = -t. What is the remainder when f is divided by 14?
13
Let y(u) = -u**3 + 5*u**2 + u + 2. What is the remainder when 12 is divided by y(5)?
5
Suppose -6*c = -3*c - 27. Let u(n) = -2*n + 13. What is the remainder when u(-10) is divided by c?
6
Let l be ((-5)/(-15))/((-2)/12). Calculate the remainder when 27 is divided by 17 + 9/(l + -1).
13
Suppose 4*r - 5*r + 26 = 0. What is the remainder when 101 is divided by r?
23
Let n(q) = -q**2 - 4*q - 4. Let l be n(-3). Let s = 27 - 17. What is the remainder when (-28)/(l + 0/2) is divided by s?
8
Suppose 0 = 2*v + 6, 3*l - 2*v - 36 = -3*v. What is the remainder when 51 is divided by l?
12
Let q = 222 + -119. What is the remainder when 49 is divided by q/6 + (-14)/84?
15
Let i(l) = 2 - 8*l + 2*l - 7. Let u(f) = -9*f - 5. What is the remainder when i(-5) is divided by u(-2)?
12
Let w(t) = 2*t**2 + 4*t - 3. Let h be w(-6). Let i = h - 27. What is the remainder when 35 is divided by i?
17
Calculate the remainder when 89 is divided by (-12)/(-42) + 477/21.
20
Let l = -11 + 16. Let s(f) = 11*f - 15. Calculate the remainder when s(l) is divided by 14.
12
Suppose 2*l + 20 = p - 0*p, 5*p - 72 = 3*l. What is the remainder when 33 is divided by p?
9
Let u(f) = -20*f - 5. Let j be u(-4). Suppose -x - j = -3*o, 4*o + 4*x - 108 = -o. Suppose 3*q = 7*q - o. Calculate the remainder when 11 is divided by q.
5
Let o = 12 - 1. Calculate the remainder when 54 is divided by o.
10
Let d(x) = -x**3 + 15*x**2 - x + 17. Let c be d(15). Suppose -c*j - 78 = -4*z, 6*z = 3*z - 5*j + 39. Calculate the remainder when z is divided by 10.
8
Suppose 0 = -3*g + 11 - 47. Let i = g - -46. Calculate the remainder when i is divided by 18.
16
Let h = 16 + 11. Suppose 42 - 12 = 2*m. What is the remainder when h is divided by m?
12
Let b(k) = 10*k**2 + 0*k + 3*k + 0*k - 4*k. What is the remainder when 20 is divided by b(-1)?
9
Let k = 13 + -9. Calculate the remainder when 13 is divided by k.
1
Let m(c) = -c**2 - 7*c + 21. Let w(a) = -a + 1. What is the remainder when w(-4) is divided by m(-9)?
2
Let m(b) = 30*b - 3. Let k(f) = -15*f + 2. Let w(l) = 5*k(l) + 3*m(l). Let x = 3 - -3. What is the remainder when w(1) is divided by x?
4
Suppose 3*j = -6*j + 378. Let f = 35 + -13. Calculate the remainder when j is divided by f.
20
Suppose 13*n + 111 = 16*n. Calculate the remainder when n is divided by 11.
4
Let n be 1 + (-6)/(-3) + -4. What is the remainder when (-238)/(-8) - n/4 is divided by 8?
6
Suppose -3*g = 3*s - 138, 3*s = s + 2*g + 104. Let v = -173 - s. What is the remainder when (-1)/5 + v/(-10) is divided by 12?
10
Suppose -4*b - 4 = -2*o + 4, -b + 7 = -5*o. What is the remainder when b/((-9)/102) - 0 is divided by 12?
10
Suppose 0 = -n + 3*l - 2*l + 90, n + 3*l = 86. Calculate the remainder when n is divided by 18.
17
Let u = -44 - -99. Let d = u + -32. Calculate the remainder when d is divided by 12.
11
Let w = 10 + 0. Let n = -1 - -10. Let q = 9 + n. What is the remainder when q is divided by w?
8
Let l(v) = -7*v + 1. Suppose 2*f = -2*f + 64. Suppose 4*r - f = -5*m, -2*r = -r + 4*m - 15. Calculate the remainder when 23 is divided by l(r).
7
Suppose 4*p - 4*a - 25 = 3*p, -a - 15 = -2*p. Suppose -3*x - 52 = -p*x. Let n = -11 - -25. Calculate the remainder when x is divided by n.
12
Let c = -1 + 5. Suppose 5*o - 2*o = c*b + 41, 2*o + 3*b - 33 = 0. What is the remainder when o is divided by (-2 + 2 - 2) + 10?
7
Suppose 2*o + 128 = -2*o. Let k = 46 + o. What is the remainder when k is divided by 0 - 0 - -2*4?
6
Let g be 10 + -2 + (0 - -3). Let l = g - 0. Let v(s) = s - 3. What is the remainder when l is divided by v(7)?
3
Suppose 2*s = 5*i + 61, 2*s - 3*i = 76 - 21. Calculate the remainder when 42 is divided by s.
19
Let m = 27 + 7. What is the remainder when 98 is divided by m?
30
Calculate the remainder when 93 is divided by ((-5)/40*50)/((-1)/4).
18
Let j = 83 - 57. Calculate the remainder when j is divided by 9.
8
Suppose 5*w - 2 - 13 = 0. Suppose w*d = -d + 24. Calculate the remainder when 50 is divided by 3/d + 25/2.
11
Suppose -93 = -2*a - 3*p + 8*p, 5*a + 3*p - 310 